{"id":58682,"date":"2022-10-27T09:25:47","date_gmt":"2022-10-27T09:25:47","guid":{"rendered":"http:\/\/cnc.gov.ro\/?page_id=58682"},"modified":"2022-10-27T09:29:28","modified_gmt":"2022-10-27T09:29:28","slug":"addenda","status":"publish","type":"page","link":"http:\/\/cnc.gov.ro\/?page_id=58682","title":{"rendered":"Addenda"},"content":{"rendered":"<div class=\"wpb-content-wrapper\"><p>[vc_row][vc_column][vc_column_text]<\/p>\n<div style=\"margin: 16px 32px 0 64px;\">\n<p><b style=\"font-size: 20px;\"><u>ADDENDA<\/u><\/b><\/p>\n<p>&nbsp;<\/p>\n<p>Componen\u021ba comisiei de fic\u021biune numit\u0103 prin decizia nr. 79\/20.10.2022 a Directorului General al CNC s-a modificat ca urmare a recuz\u0103rii dlui R\u0103zvan R\u0103dulescu.<\/p>\n<p>Cf. deciziei nr. 82\/26.10.2022 a Directorului General al CNC, componen\u021ba comisiei de selec\u021bie pentru proiectele de fic\u021biune este urm\u0103toarea:<\/p>\n<p>&#8211; FLORIN BARBU<\/p>\n<p>&#8211; LAURA BARON<\/p>\n<p>&#8211; CONSTANTIN POPESCU<\/p>\n<p>&#8211; MIHAI RADU<\/p>\n<p>&#8211; C\u0102T\u0102LIN SAIZESCU<\/p>\n<p>&nbsp;<\/p>\n<\/div>\n<p>[\/vc_column_text][\/vc_column][\/vc_row]<\/p>\n<\/div>","protected":false},"excerpt":{"rendered":"<p>[vc_row][vc_column][vc_column_text] ADDENDA &nbsp; Componen\u021ba comisiei de fic\u021biune numit\u0103 prin decizia nr. 79\/20.10.2022 a Directorului General al CNC s-a modificat ca urmare a recuz\u0103rii dlui R\u0103zvan R\u0103dulescu. Cf. deciziei nr. 82\/26.10.2022 a Directorului General al CNC, componen\u021ba comisiei de selec\u021bie pentru proiectele de fic\u021biune este urm\u0103toarea: &#8211; FLORIN BARBU &#8211; LAURA BARON &#8211; CONSTANTIN POPESCU &#8211;&hellip;<\/p>\n","protected":false},"author":1,"featured_media":0,"parent":0,"menu_order":0,"comment_status":"closed","ping_status":"closed","template":"","meta":{"footnotes":""},"class_list":["post-58682","page","type-page","status-publish","hentry","description-off"],"_links":{"self":[{"href":"http:\/\/cnc.gov.ro\/index.php?rest_route=\/wp\/v2\/pages\/58682","targetHints":{"allow":["GET"]}}],"collection":[{"href":"http:\/\/cnc.gov.ro\/index.php?rest_route=\/wp\/v2\/pages"}],"about":[{"href":"http:\/\/cnc.gov.ro\/index.php?rest_route=\/wp\/v2\/types\/page"}],"author":[{"embeddable":true,"href":"http:\/\/cnc.gov.ro\/index.php?rest_route=\/wp\/v2\/users\/1"}],"replies":[{"embeddable":true,"href":"http:\/\/cnc.gov.ro\/index.php?rest_route=%2Fwp%2Fv2%2Fcomments&post=58682"}],"version-history":[{"count":2,"href":"http:\/\/cnc.gov.ro\/index.php?rest_route=\/wp\/v2\/pages\/58682\/revisions"}],"predecessor-version":[{"id":58684,"href":"http:\/\/cnc.gov.ro\/index.php?rest_route=\/wp\/v2\/pages\/58682\/revisions\/58684"}],"wp:attachment":[{"href":"http:\/\/cnc.gov.ro\/index.php?rest_route=%2Fwp%2Fv2%2Fmedia&parent=58682"}],"curies":[{"name":"wp","href":"https:\/\/api.w.org\/{rel}","templated":true}]}}