{"id":55529,"date":"2019-12-18T10:41:12","date_gmt":"2019-12-18T10:41:12","guid":{"rendered":"http:\/\/cnc.gov.ro\/?page_id=55529"},"modified":"2019-12-18T11:34:02","modified_gmt":"2019-12-18T11:34:02","slug":"sesiune-2019-2","status":"publish","type":"page","link":"http:\/\/cnc.gov.ro\/?page_id=55529","title":{"rendered":"Sesiune 2019"},"content":{"rendered":"\n<div style=\"padding-left:32px;\">\n<br \/>\n<h3><u>SESIUNEA 2019<\/u><\/h3><\/br><br \/>\n1. <a href=\"\/wp-content\/uploads\/2019\/06\/ANUNT.pdf\">Anun\u021b<\/a><\/br>\n\n2. <a href=\"\/wp-content\/uploads\/2019\/06\/CALENDAR-CONCURS-ses.I-2019.pdf\">Calendar Concurs<\/a><\/br>\n\n3. <a href=\"\/wp-content\/uploads\/2019\/06\/GHIDUL-SOLICITANTULUI.pdf\">Ghidul Solicitantului<\/a><\/br>\n\n<a href=\"\/wp-content\/uploads\/2019\/06\/ANEXA-I-opis.docx\">Anexa 1 la Ghid<\/a><\/br>\n\n<a href=\"\/wp-content\/uploads\/2019\/06\/ANEXA-II-Decl.-producator.docx\">Anexa 2 la Ghid<\/a><\/br>\n\n4. <a href=\"\/wp-content\/uploads\/2019\/06\/Fest-FIAPF-Categ-A.pdf\">Festivaluri FIAPF Categ A<\/a><\/br>\n\n5. <a href=\"\/wp-content\/uploads\/2019\/06\/Lista_Alte_Festivaluri_FIAPF-2019.pdf\">Alte festivaluri FIAF 2018<\/a><\/br>\n\n6. <a href=\"\/wp-content\/uploads\/2019\/06\/ListaFestivaluriAgreate_CNC-2019.pdf\">Alte festivaluri agreate CNC 2018<\/a><\/br>\n\n7. <a href=\"\/wp-content\/uploads\/2019\/06\/BUGET-SI-CREDIT-MEDIU-FILME-PREDATE-IN-ANUL-2018.pdf\">Buget mediu si credit mediu<\/a><\/br>\n\n8. <a href=\"\/wp-content\/uploads\/2019\/06\/TOTAL-SPECTATORI-FILM-ROMANESC-LA-31.12.2018.pdf\">Spectatori film romanesc la 31.12.2018<\/a><\/br>\n\n9. <a href=\"\/wp-content\/uploads\/2019\/06\/Taxe-participare-concurs.pdf\">Taxe participare concurs<\/a><\/br>\n\nRegulamentul de concurs se poate consulta <a href=\"http:\/\/cnc.gov.ro\/?page_id=51642#1518542561280-df59b494-9602\">AICI<\/a>.<\/br>\n\nAnexele la Regulament se pot descarca <a href=\"\/wp-content\/uploads\/2019\/06\/ANEXE-CONCURS-I-2019-1.zip\">AICI<\/a>.<\/br>\n\n10. <a href=\"\/wp-content\/uploads\/2019\/06\/LISTA-PRODUCATORILOR-NEELIGIBILI-SES.I-2019.pdf\">Lista informativ\u0103 a produc\u0103torilor care se afl\u0103 \u00een situa\u021bia de a nu putea participa la sesiunea de concurs I 2019<\/a><\/br>\n\n11. <a href=\"\/wp-content\/uploads\/2019\/06\/Propuneri-membri-comisii-I-2019.pdf\">Propunerile uniunilor \u0219i asocia\u021biilor din domeniul industriei cinematografiei privind componen\u021ba comisiilor de selec\u021bie a proiectelor cinematografice<\/a><\/br>\n\n12. <a href=\"\/wp-content\/uploads\/2019\/07\/COMISII-SELECTIE-I-2019.pdf\">Comisiile de selec\u021bie<\/a><\/br>\n\n13. <a href=\"\/wp-content\/uploads\/2019\/07\/MODIFICARE-COMISIE-ANIMATIE.pdf\">Addenda<\/a><\/br>\n\n14. <a href=\"\/wp-content\/uploads\/2019\/11\/COMISIE-LECTORI-I-2019.pdf\">Comisie Lectori \u2013 Ses I 2019<\/a><\/br>\n\n16. <a href=\"http:\/\/cnc.gov.ro\/?p=55184\">Rezultatele concursului de proiecte cinematografice ses. I 2019<\/a><\/br>\n<\/div>\n","protected":false},"excerpt":{"rendered":"<p>SESIUNEA 2019 1. Anun\u021b 2. Calendar Concurs 3. Ghidul Solicitantului Anexa 1 la Ghid Anexa 2 la Ghid 4. Festivaluri FIAPF Categ A 5. Alte festivaluri FIAF 2018 6. Alte festivaluri agreate CNC 2018 7. Buget mediu si credit mediu 8. Spectatori film romanesc la 31.12.2018 9. Taxe participare concurs Regulamentul de concurs se poate&hellip;<\/p>\n","protected":false},"author":1,"featured_media":0,"parent":0,"menu_order":0,"comment_status":"closed","ping_status":"closed","template":"","meta":{"footnotes":""},"class_list":["post-55529","page","type-page","status-publish","hentry","description-off"],"_links":{"self":[{"href":"http:\/\/cnc.gov.ro\/index.php?rest_route=\/wp\/v2\/pages\/55529","targetHints":{"allow":["GET"]}}],"collection":[{"href":"http:\/\/cnc.gov.ro\/index.php?rest_route=\/wp\/v2\/pages"}],"about":[{"href":"http:\/\/cnc.gov.ro\/index.php?rest_route=\/wp\/v2\/types\/page"}],"author":[{"embeddable":true,"href":"http:\/\/cnc.gov.ro\/index.php?rest_route=\/wp\/v2\/users\/1"}],"replies":[{"embeddable":true,"href":"http:\/\/cnc.gov.ro\/index.php?rest_route=%2Fwp%2Fv2%2Fcomments&post=55529"}],"version-history":[{"count":4,"href":"http:\/\/cnc.gov.ro\/index.php?rest_route=\/wp\/v2\/pages\/55529\/revisions"}],"predecessor-version":[{"id":55539,"href":"http:\/\/cnc.gov.ro\/index.php?rest_route=\/wp\/v2\/pages\/55529\/revisions\/55539"}],"wp:attachment":[{"href":"http:\/\/cnc.gov.ro\/index.php?rest_route=%2Fwp%2Fv2%2Fmedia&parent=55529"}],"curies":[{"name":"wp","href":"https:\/\/api.w.org\/{rel}","templated":true}]}}